he greatest common factor of 7 and q?
7
Suppose 4*a + 5*j = 6*a - 195, 398 = 4*a - 2*j. Let h = 0 - 0. Suppose 4*m - 176 + 6 = -5*c, h = -3*m + c + 118. Calculate the highest common factor of a and m.
20
Let i(l) = -4*l - 13. Let u be i(0). Let d(y) = -y**2 - 18*y - 17. Let c be d(u). What is the greatest common factor of 16 and c?
16
Let h = -28 - -26. Let v = 13 + h. Let f = v + 9. Calculate the highest common divisor of f and 10.
10
Let z be 5269/143 + 2/13. Let w = z - 31. What is the greatest common divisor of 66 and w?
6
Suppose -36 - 48 = -7*b. Suppose -2*t = b*t - 14. Calculate the greatest common factor of t and 4.
1
Suppose -15*b - 36*b = -1020. Calculate the highest common factor of b and 530.
10
Suppose 0 = -3*m - 4*k - 1, 4*m - 2*k = 2*k - 20. Let j be 4/(-3) + (-1)/m. Let v be j + 4/6*18. Calculate the highest common factor of 88 and v.
11
Let s(d) = -10*d + 10*d**3 - 5 + 6*d**2 + 2 - 3 - 9*d**3. Suppose m + 21 = -2*m. Let u be s(m). Calculate the greatest common factor of 135 and u.
15
Suppose 2*r = 3*x - 43, r - 5*x - 45 = 6*r. Let m be (-54)/(-15)*(-20)/6. Let g = m - r. Calculate the greatest common factor of 2 and g.
2
Let i be -69*4/(-6)*7/14. What is the greatest common factor of i and 230?
23
Suppose -14*h + 104 - 6 = 0. Suppose h*j - 1 - 62 = 0. Suppose z - 4*z - 5*p + 287 = 0, 2*z = 3*p + 204. Calculate the greatest common divisor of z and j.
9
Suppose 0 = o - 2*o + 17. Let b(a) = 3*a**2 + 25*a - 13. Let z be b(-12). What is the greatest common factor of z and o?
17
Let q(n) be the second derivative of -5*n**3/6 - 9*n**2 + 2*n. Suppose 0 = -17*c + 13*c - 36. Let s be q(c). Calculate the greatest common divisor of 3 and s.
3
Let h(t) = 4*t**2 - 6*t - 4. Let g be h(-2). Let y(m) = 11*m + 1. Let d be y(-1). Let n = d + g. Calculate the greatest common divisor of n and 28.
14
Suppose 2*q + q + 60 = 5*w, -4*q = w - 35. Suppose 4*n + 128 - 12 = 4*u, 0 = -2*n + 2. What is the greatest common divisor of w and u?
15
Let s(w) = 5*w + 56. Let z be s(-7). What is the highest common divisor of z and 6?
3
Let q(u) = 83*u - 7. Let o(m) = -42*m + 3. Suppose -3*g - 4 = 5. Let b(x) = g*q(x) - 5*o(x). Let a be b(-4). What is the highest common factor of a and 18?
18
Let w = -69 + 61. Let s be -1*(224/w + 3*1). What is the greatest common factor of s and 100?
25
Let m = 388 - 375. Calculate the highest common factor of m and 247.
13
Let y be 72/10*(-55)/2. Let b = 337 + y. Let r = b + -58. What is the greatest common factor of 27 and r?
27
Let b(v) = 2*v**3 + 7*v**2 - 22*v + 5. Let w be b(5). What is the greatest common divisor of 40 and w?
40
Suppose m - 4*b - 43 = 0, 0 = -5*m + 2*b + b + 147. Let o be 48/27 + 6/m. What is the greatest common factor of o and 2?
2
Let q = 18 + -22. Let w be (q + 7 + -4)*-51. Calculate the highest common factor of 34 and w.
17
Suppose 3618*l = 3608*l + 1120. Suppose -4*s + 84 = -s. What is the highest common factor of s and l?
28
Suppose 0 = -q - 4*u - 19, 3*q + 0*u + 29 = -5*u. Let t be ((-5)/(-10))/(q/2 - -2). Calculate the greatest common factor of 2 and t.
1
Let s = -127 - -184. Let r = -7 + s. Suppose -p = -0*t - 4*t + 2, -4*p - 4*t + 52 = 0. Calculate the highest common factor of r and p.
10
Let a(j) = -10*j + 90. Let m be a(-7). What is the highest common factor of m and 10?
10
Let r(i) = -i + 9. Let g be r(5). Let l be 4/(6/g + -1). What is the highest common factor of l and 8?
8
Let n = 167 + -73. Let i = n + -65. Suppose 5*w = 36 + i. What is the greatest common factor of w and 26?
13
Let g = 9 + 2. Let i(r) be the second derivative of 3*r**4/4 - 23*r**2/2 + 18*r. Let l be i(4). Calculate the highest common divisor of l and g.
11
Let g = 17 + -8. Suppose 5*n + 31 = y, -8*y - 3*n + 9 = -4*y. Let b = y + g. Calculate the highest common divisor of 10 and b.
5
Let j be (-2)/5 - (14 + 6003/(-45)). What is the greatest common divisor of j and 170?
17
Suppose 0*s + 9*s = -2016. Let n be (-24)/60 + s/(-10). What is the greatest common divisor of 11 and n?
11
Let t be -7*-2*(-3)/(-21) - -474. What is the greatest common factor of t and 84?
28
Suppose -121*h + 123*h - 48 = 0. Calculate the highest common factor of 72 and h.
24
Let x(n) = 8*n**3 - 3*n**2 - 2*n - 3. Let l be x(3). Suppose 4*f = -f - l. Let y be 8/(-10)*(-4 + f). Calculate the greatest common factor of y and 16.
16
Let z(j) = 30*j. Let a be z(3). Let x = 16 + -68. Let l = x + a. Calculate the greatest common factor of 19 and l.
19
Let i be 4745/15 - (-10)/(-75)*10. What is the highest common divisor of 140 and i?
35
Suppose -6*l + 17*l = 1408. Let r = l - 41. What is the greatest common divisor of 116 and r?
29
Let r = 12 + -7. Suppose -2*d = -t - 4 - 95, 240 = r*d - t. Let u = d - 26. What is the highest common divisor of u and 21?
21
Let u be (-886)/(-7) - 12/21. What is the greatest common factor of u and 12?
6
Let x(j) = 30*j - 34. Let a be x(3). What is the greatest common divisor of a and 378?
14
Let p(a) = -8*a + 10. Let j be p(2). Let y = 13 + j. What is the greatest common factor of y and 63?
7
Let t = -5613 + 10173. Calculate the greatest common factor of 76 and t.
76
Suppose 9*a = -k + 13*a + 708, -a - 2157 = -3*k. Calculate the greatest common divisor of k and 18.
18
Let u(w) = w**3 + 9*w**2 - 9*w - 8. Let n be u(-9). Suppose -n = -13*s + 57. Let a be (-1)/(-3) + (-11)/(-3). Calculate the greatest common factor of s and a.
2
Let s(z) = -z**3 + 12*z**2 + 2*z + 15. Let f be s(6). Calculate the highest common factor of f and 36.
9
Suppose 0 = 2*k + 7 - 227. What is the highest common divisor of k and 154?
22
Suppose 6*f + 6*f - 200 = 4*f. Suppose -j = -0 - 10. Suppose 0 = -s - 0*s + j. Calculate the greatest common divisor of s and f.
5
Let w(x) = -32 + 172*x - 82*x - 108*x - 13. Let u be w(-8). Calculate the greatest common divisor of u and 9.
9
Let g be (1 + (-21)/7)*-6. Calculate the greatest common factor of 76 and g.
4
Let x(k) = -k**3 - 4*k**2 - 4*k - 4. Let r be x(-4). Let n be 14*(198/33 - 36/14). Calculate the highest common factor of n and r.
12
Suppose 0 = -3*b - 5*o - 168 + 11, -147 = 3*b + 3*o. Let y = -24 - b. What is the greatest common divisor of y and 50?
10
Let v = 277 + -236. What is the greatest common factor of v and 41?
41
Suppose 2 = f - 4. Let r(p) = p - 10. Let w be r(15). Suppose 2*q = -w*q + 21. Calculate the highest common divisor of f and q.
3
Suppose -7*z + 757 = 141. What is the greatest common factor of 32 and z?
8
Let h(l) = 12*l**2 - l + 4. Let x be h(-4). Calculate the greatest common divisor of x and 25.
25
Suppose -6*g + 7*g - 5 = 0. Suppose -s + 2*s - 34 = 5*f, 0 = -g*s + 3*f + 170. What is the greatest common factor of s and 17?
17
Let w(t) be the third derivative of -t**4/12 - t**3 - 31*t**2. Let s be w(-10). What is the highest common divisor of s and 14?
14
Suppose -2*x + 4*y = -114, -5*x + 5*y - 3 = -283. Suppose 3*v + 2*v = -5*z + 175, 0 = z - 4*v - x. What is the highest common divisor of 3 and z?
3
Suppose -2*l + 35 = -7*l. Let x = l + 14. Suppose 9 = -6*c + x*c. What is the highest common divisor of 81 and c?
9
Let j be (9 + -12)*(-26)/3. Let h = j - -8. Suppose 3*y + 4*a - 300 = -53, 4*y - 2*a = 344. What is the highest common factor of y and h?
17
Let j(z) = 3*z**2 + 5*z - 4. Let s be j(6). Let x = s + -90. Suppose 4*p = -2*u + 14, 5*u - 9*u + 2*p = -48. What is the highest common divisor of u and x?
11
Let j = -11 - -29. Let b = -18 + j. Suppose 3*q - 1 - 17 = b. What is the greatest common factor of 12 and q?
6
Suppose -3627 = -51*s + 12*s. What is the greatest common divisor of s and 6?
3
Suppose 5*u = 2*u + 9. Suppose u*p = p + 28. Let d = -25 - -39. Calculate the highest common factor of p and d.
14
Let m be (13/(-26) - (-5)/(-2)) + 57. Calculate the greatest common factor of m and 81.
27
Suppose 5*l + 481 = 741. What is the highest common factor of l and 28?
4
Let w be ((-50)/(-75))/(3/423). Calculate the greatest common factor of w and 1786.
94
Suppose 3*x + 159 - 204 = 0. What is the highest common divisor of x and 27?
3
Let z be (-35)/2*(-82 - -40). What is the greatest common divisor of 15 and z?
15
Let z(b) = -b**2 + 9*b + 13. Let o be z(13). Let c = -28 - o. Calculate the highest common divisor of c and 44.
11
Suppose -o - 5 = 0, -3*j + 1 = -2*j + 3*o. Let n = 526 + -46